{"id":827,"date":"2021-06-24T19:12:52","date_gmt":"2021-06-24T17:12:52","guid":{"rendered":"https:\/\/restaurant-elder.de\/wordpress\/?page_id=827"},"modified":"2025-01-30T22:18:22","modified_gmt":"2025-01-30T21:18:22","slug":"catering","status":"publish","type":"page","link":"https:\/\/restaurant-elder.de\/wordpress\/catering\/","title":{"rendered":"CATERING"},"content":{"rendered":"<p>Sie haben eine Familienfeier und m\u00f6chten nicht selbst kochen?<\/p>\n<p>Sie feiern ein Fest in einer Location ohne Speisenangebot?<\/p>\n<p>Sie m\u00f6chten Ihren Kunden oder Mitarbeitern bei einer Firmenfeier etwas Besonderes anbieten?<\/p>\n<p>Dann haben Sie Gl\u00fcck, denn unsere Speisen bieten wir auch als Catering an. Sie k\u00f6nnen hierf\u00fcr von Canap\u00e9s, \u00fcber Fingerfood und Snackb\u00fcffet, bis zu einem kompletten Mehrg\u00e4nge-Men\u00fc\/B\u00fcffet das passende f\u00fcr Ihre Veranstaltung ausw\u00e4hlen.<\/p>\n<p>Bei Bedarf leihen wir Ihnen das Geschirr und die Mitarbeiter gleich mit aus.<\/p>\n<p>Kontaktieren Sie uns und lassen Sie sich Ihr individuelles Angebot erstellen.<\/p>\n<p>Wir freuen uns auf Ihre Anfrage.<\/p>\n","protected":false},"excerpt":{"rendered":"<p>Sie haben eine Familienfeier und m\u00f6chten nicht selbst kochen?<\/p>\n<p>Sie feiern ein Fest in einer Location ohne Speisenangebot?<\/p>\n<p>Sie m\u00f6chten Ihren Kunden oder Mitarbeitern bei einer Firmenfeier etwas Besonderes anbieten?<\/p>\n<p>Dann haben Sie Gl\u00fcck, denn unsere Speisen bieten wir auch als Catering an. Sie k\u00f6nnen hierf\u00fcr von Canap\u00e9s, \u00fcber Fingerfood und Snackb\u00fcffet, bis zu einem kompletten Mehrg\u00e4nge-Men\u00fc\/B\u00fcffet das passende f\u00fcr Ihre Veranstaltung ausw\u00e4hlen.<\/p>\n<p>Bei Bedarf leihen wir Ihnen das Geschirr und die Mitarbeiter gleich mit aus.<\/p>\n<div class=\"more-holder\"><a class=\"more-link\" href=\"https:\/\/restaurant-elder.de\/wordpress\/catering\/\">Read more<\/a><\/div>\n","protected":false},"author":1,"featured_media":0,"parent":0,"menu_order":0,"comment_status":"closed","ping_status":"closed","template":"","meta":[],"_links":{"self":[{"href":"https:\/\/restaurant-elder.de\/wordpress\/wp-json\/wp\/v2\/pages\/827"}],"collection":[{"href":"https:\/\/restaurant-elder.de\/wordpress\/wp-json\/wp\/v2\/pages"}],"about":[{"href":"https:\/\/restaurant-elder.de\/wordpress\/wp-json\/wp\/v2\/types\/page"}],"author":[{"embeddable":true,"href":"https:\/\/restaurant-elder.de\/wordpress\/wp-json\/wp\/v2\/users\/1"}],"replies":[{"embeddable":true,"href":"https:\/\/restaurant-elder.de\/wordpress\/wp-json\/wp\/v2\/comments?post=827"}],"version-history":[{"count":4,"href":"https:\/\/restaurant-elder.de\/wordpress\/wp-json\/wp\/v2\/pages\/827\/revisions"}],"predecessor-version":[{"id":1047,"href":"https:\/\/restaurant-elder.de\/wordpress\/wp-json\/wp\/v2\/pages\/827\/revisions\/1047"}],"wp:attachment":[{"href":"https:\/\/restaurant-elder.de\/wordpress\/wp-json\/wp\/v2\/media?parent=827"}],"curies":[{"name":"wp","href":"https:\/\/api.w.org\/{rel}","templated":true}]}}