{"id":55,"date":"2017-02-02T15:36:14","date_gmt":"2017-02-02T14:36:14","guid":{"rendered":"http:\/\/restaurant-elder.de\/wordpress\/?page_id=55"},"modified":"2021-10-19T17:56:52","modified_gmt":"2021-10-19T15:56:52","slug":"willkommen","status":"publish","type":"page","link":"https:\/\/restaurant-elder.de\/wordpress\/willkommen\/","title":{"rendered":"WILLKOMMEN"},"content":{"rendered":"<h1>Herzlich Willkommen im Restaurant Elder, Gau-Algesheim.<\/h1>\n<p>&nbsp;<\/p>\n<div data-canvas-width=\"767.4087327731095\"><strong>\u00a0<\/strong><\/div>\n<div data-canvas-width=\"767.4087327731095\">\n<p>&nbsp;<\/p>\n<p>In einer der herrlichsten Regionen am Rhein, umgeben von schier endlosen Weinbergen, liegt unser Restaurant, im Herzen der charmanten Stadt Gau-Algesheim.<\/p>\n<\/div>\n<div data-canvas-width=\"692.1161546218489\">\n<p>Stilvolles Ambiente, zuvorkommender Service und eine moderne deutsche K\u00fcche auf h\u00f6chstem Niveau sind unsere Markenzeichen. Unser Anspruch ist es, Ihnen nach einem ereignisreichen Tag die beste Atmosph\u00e4re zu bieten, um zu entspannen. Lehnen Sie sich zur\u00fcck und lassen Sie sich verw\u00f6hnen.<\/p>\n<\/div>\n<div data-canvas-width=\"890.9673882352943\">\n<p>Ob zum Ausklang des Tages, zum Treffen mit den Liebsten oder f\u00fcr eine gr\u00f6\u00dfere Feier, bei uns sind Sie an der richtigen Adresse. Mit Kompetenz und Herzlichkeit m\u00f6chten wir Sie \u00fcberzeugen und laden Sie ein zu verweilen.<\/p>\n<p>Schauen Sie doch gleich bei uns vorbei und \u00fcberzeugen Sie sich selbst.<\/p>\n<\/div>\n<div data-canvas-width=\"415.62629243697484\">Wir freuen uns auf Ihren Besuch<\/div>\n","protected":false},"excerpt":{"rendered":"<p>Herzlich Willkommen im Restaurant Elder, Gau-Algesheim.<\/p>\n<p>&nbsp;<\/p>\n<p><strong>\u00a0<\/strong><\/p>\n<p>&nbsp;<\/p>\n<p>In einer der herrlichsten Regionen am Rhein, umgeben von schier endlosen Weinbergen, liegt unser Restaurant, im Herzen der charmanten Stadt Gau-Algesheim.<\/p>\n<p>Stilvolles Ambiente, zuvorkommender Service und eine moderne deutsche K\u00fcche auf h\u00f6chstem Niveau sind unsere Markenzeichen. Unser Anspruch ist es, Ihnen nach einem ereignisreichen Tag die beste Atmosph\u00e4re zu bieten, um zu entspannen. Lehnen Sie sich zur\u00fcck und lassen Sie sich verw\u00f6hnen.<\/p>\n<div class=\"more-holder\"><a class=\"more-link\" href=\"https:\/\/restaurant-elder.de\/wordpress\/willkommen\/\">Read more<\/a><\/div>\n","protected":false},"author":1,"featured_media":0,"parent":0,"menu_order":0,"comment_status":"closed","ping_status":"closed","template":"","meta":[],"_links":{"self":[{"href":"https:\/\/restaurant-elder.de\/wordpress\/wp-json\/wp\/v2\/pages\/55"}],"collection":[{"href":"https:\/\/restaurant-elder.de\/wordpress\/wp-json\/wp\/v2\/pages"}],"about":[{"href":"https:\/\/restaurant-elder.de\/wordpress\/wp-json\/wp\/v2\/types\/page"}],"author":[{"embeddable":true,"href":"https:\/\/restaurant-elder.de\/wordpress\/wp-json\/wp\/v2\/users\/1"}],"replies":[{"embeddable":true,"href":"https:\/\/restaurant-elder.de\/wordpress\/wp-json\/wp\/v2\/comments?post=55"}],"version-history":[{"count":8,"href":"https:\/\/restaurant-elder.de\/wordpress\/wp-json\/wp\/v2\/pages\/55\/revisions"}],"predecessor-version":[{"id":854,"href":"https:\/\/restaurant-elder.de\/wordpress\/wp-json\/wp\/v2\/pages\/55\/revisions\/854"}],"wp:attachment":[{"href":"https:\/\/restaurant-elder.de\/wordpress\/wp-json\/wp\/v2\/media?parent=55"}],"curies":[{"name":"wp","href":"https:\/\/api.w.org\/{rel}","templated":true}]}}