{"id":43,"date":"2017-02-02T15:32:48","date_gmt":"2017-02-02T14:32:48","guid":{"rendered":"http:\/\/restaurant-elder.de\/wordpress\/?page_id=43"},"modified":"2019-08-17T12:52:42","modified_gmt":"2019-08-17T10:52:42","slug":"das-restaurant-2","status":"publish","type":"page","link":"https:\/\/restaurant-elder.de\/wordpress\/das-restaurant-2\/","title":{"rendered":"DAS RESTAURANT"},"content":{"rendered":"<p><img decoding=\"async\" loading=\"lazy\" class=\"alignnone wp-image-416 size-large\" src=\"https:\/\/restaurant-elder.de\/wordpress\/wp-content\/uploads\/2017\/12\/restaurant_elder_background_009-1024x576.jpg\" alt=\"\" width=\"650\" height=\"366\" srcset=\"https:\/\/restaurant-elder.de\/wordpress\/wp-content\/uploads\/2017\/12\/restaurant_elder_background_009-1024x576.jpg 1024w, https:\/\/restaurant-elder.de\/wordpress\/wp-content\/uploads\/2017\/12\/restaurant_elder_background_009-300x169.jpg 300w, https:\/\/restaurant-elder.de\/wordpress\/wp-content\/uploads\/2017\/12\/restaurant_elder_background_009-768x432.jpg 768w, https:\/\/restaurant-elder.de\/wordpress\/wp-content\/uploads\/2017\/12\/restaurant_elder_background_009.jpg 1920w\" sizes=\"(max-width: 650px) 100vw, 650px\" \/><\/p>\n<div data-canvas-width=\"513.1281478991598\">\n<p>Nach einer Kernsanierung des Geb\u00e4udes in Gau-Algesheim haben wir das Restaurant neu interpretiert.<\/p>\n<p>Es wurde ein moderner, gem\u00fctlicher Gastraum mit viel Liebe zum Detail gestaltet. Dieser bietet Platz f\u00fcr ca. 65 Personen. In den Sommermonaten haben unsere G\u00e4ste die M\u00f6glichkeit, in unserem Au\u00dfenbereich zu entspannen.<\/p>\n<\/div>\n<div data-canvas-width=\"806.6346957983195\">\n<p>Unsere K\u00fcche verw\u00f6hnt Sie mit modernen deutschen Gerichten sowie ausgew\u00e4hlten Klassikern und abwechslungsreichen saisonalen Angeboten aus der Region.<\/p>\n<\/div>\n<div data-canvas-width=\"277.7723697478992\">Auf unserer Weinkarte finden sich nicht nur regionale Weine, sondern auch eine kleine Auswahl an internationalen, edlen Tropfen. Gerne beraten wir Sie hierzu, sodass Sie den perfekten Begleiter f\u00fcr Ihr Gericht finden.<\/div>\n","protected":false},"excerpt":{"rendered":"<p><img decoding=\"async\" loading=\"lazy\" class=\"alignnone wp-image-416 size-large\" src=\"https:\/\/restaurant-elder.de\/wordpress\/wp-content\/uploads\/2017\/12\/restaurant_elder_background_009-1024x576.jpg\" alt=\"\" width=\"650\" height=\"366\" srcset=\"https:\/\/restaurant-elder.de\/wordpress\/wp-content\/uploads\/2017\/12\/restaurant_elder_background_009-1024x576.jpg 1024w, https:\/\/restaurant-elder.de\/wordpress\/wp-content\/uploads\/2017\/12\/restaurant_elder_background_009-300x169.jpg 300w, https:\/\/restaurant-elder.de\/wordpress\/wp-content\/uploads\/2017\/12\/restaurant_elder_background_009-768x432.jpg 768w, https:\/\/restaurant-elder.de\/wordpress\/wp-content\/uploads\/2017\/12\/restaurant_elder_background_009.jpg 1920w\" sizes=\"(max-width: 650px) 100vw, 650px\" \/><\/p>\n<p>Nach einer Kernsanierung des Geb\u00e4udes in Gau-Algesheim haben wir das Restaurant neu interpretiert.<\/p>\n<p>Es wurde ein moderner, gem\u00fctlicher Gastraum mit viel Liebe zum Detail gestaltet. Dieser bietet Platz f\u00fcr ca. 65 Personen. In den Sommermonaten haben unsere G\u00e4ste die M\u00f6glichkeit, in unserem Au\u00dfenbereich zu entspannen.<\/p>\n<p>Unsere K\u00fcche verw\u00f6hnt Sie mit modernen deutschen Gerichten sowie ausgew\u00e4hlten Klassikern und abwechslungsreichen saisonalen Angeboten aus der Region.<\/p>\n<p>Auf unserer Weinkarte finden sich nicht nur regionale Weine,<\/p>\n<div class=\"more-holder\"><a class=\"more-link\" href=\"https:\/\/restaurant-elder.de\/wordpress\/das-restaurant-2\/\">Read more<\/a><\/div>\n","protected":false},"author":1,"featured_media":0,"parent":0,"menu_order":0,"comment_status":"closed","ping_status":"closed","template":"","meta":[],"_links":{"self":[{"href":"https:\/\/restaurant-elder.de\/wordpress\/wp-json\/wp\/v2\/pages\/43"}],"collection":[{"href":"https:\/\/restaurant-elder.de\/wordpress\/wp-json\/wp\/v2\/pages"}],"about":[{"href":"https:\/\/restaurant-elder.de\/wordpress\/wp-json\/wp\/v2\/types\/page"}],"author":[{"embeddable":true,"href":"https:\/\/restaurant-elder.de\/wordpress\/wp-json\/wp\/v2\/users\/1"}],"replies":[{"embeddable":true,"href":"https:\/\/restaurant-elder.de\/wordpress\/wp-json\/wp\/v2\/comments?post=43"}],"version-history":[{"count":19,"href":"https:\/\/restaurant-elder.de\/wordpress\/wp-json\/wp\/v2\/pages\/43\/revisions"}],"predecessor-version":[{"id":239,"href":"https:\/\/restaurant-elder.de\/wordpress\/wp-json\/wp\/v2\/pages\/43\/revisions\/239"}],"wp:attachment":[{"href":"https:\/\/restaurant-elder.de\/wordpress\/wp-json\/wp\/v2\/media?parent=43"}],"curies":[{"name":"wp","href":"https:\/\/api.w.org\/{rel}","templated":true}]}}