{"id":153,"date":"2017-03-19T13:30:29","date_gmt":"2017-03-19T12:30:29","guid":{"rendered":"http:\/\/restaurant-elder.de\/wordpress\/?page_id=153"},"modified":"2017-05-16T10:37:09","modified_gmt":"2017-05-16T08:37:09","slug":"weinkarte","status":"publish","type":"page","link":"https:\/\/restaurant-elder.de\/wordpress\/weinkarte\/","title":{"rendered":"WEINE"},"content":{"rendered":"<div style=\"text-align: center;\">Unsere Weine enthalten Sulfite.<\/div>\n<div class=\"vm_shortcode_main\">\n\t\t\t\t\t\t<header>\n\t\t\t\t<h3 class=\"badge\">Rheinhessische Weine, offen (0,2l)<\/h3>\n\t        <\/header>\n\t        \t        \t<ul class=\"price-list\">\n\t        \t\t\t        \t\t\t<li>\n\t\t\t\t\t\t\t<div class=\"top\">\n\t\t\t\t\t        \t<h3 class=\"title\"> 2019er Blauer Sp\u00e4tburgunder trocken<\/h3>\n\t\t\t\t\t\t\t\t<h4 class=\"price badge\"> 8,10 \u20ac<\/h4>\n\t\t\t\t\t\t\t<\/div>\n\t\t\t\t\t        <p class=\"description\">Weingut Bungert-Mauer\r\nWaldbeere\r\n(Flaschenpreis 0,75l: 26,00 \u20ac)<\/p>\n\t\t\t\t\t    <\/li>\n\t        \t \t\t        \t\t\t<li>\n\t\t\t\t\t\t\t<div class=\"top\">\n\t\t\t\t\t        \t<h3 class=\"title\"> 2022er Cabernet Sauvignon trocken<\/h3>\n\t\t\t\t\t\t\t\t<h4 class=\"price badge\"> 6,90 \u20ac<\/h4>\n\t\t\t\t\t\t\t<\/div>\n\t\t\t\t\t        <p class=\"description\">Weingut Gerharz-Hochthurn\r\nfruchtig, samtig, gerbstoffbetont\r\n(Flaschenpreis 0,75l: 22,00\u20ac)<\/p>\n\t\t\t\t\t    <\/li>\n\t        \t \t\t        \t\t\t<li>\n\t\t\t\t\t\t\t<div class=\"top\">\n\t\t\t\t\t        \t<h3 class=\"title\"> 2022er Saint Laurent trocken<\/h3>\n\t\t\t\t\t\t\t\t<h4 class=\"price badge\"> 6,50 \u20ac<\/h4>\n\t\t\t\t\t\t\t<\/div>\n\t\t\t\t\t        <p class=\"description\">Weingut Schlo\u00dfm\u00fchle\r\nsamtig, feine Waldbeernote\r\n(Flaschenpreis 0,75l: 21,00 \u20ac)\r\n<\/p>\n\t\t\t\t\t    <\/li>\n\t        \t \t\t        \t\t\t<li>\n\t\t\t\t\t\t\t<div class=\"top\">\n\t\t\t\t\t        \t<h3 class=\"title\"> 2020er Fr\u00fchburgunder halbtrocken<\/h3>\n\t\t\t\t\t\t\t\t<h4 class=\"price badge\"> 6,90 \u20ac<\/h4>\n\t\t\t\t\t\t\t<\/div>\n\t\t\t\t\t        <p class=\"description\">Wein und Sektgut Nikolaushof\r\nfruchtige Kirsche\r\n(Flaschenpreis 0,75l: 22,00 \u20ac)\r\n<\/p>\n\t\t\t\t\t    <\/li>\n\t        \t \t\t        \t\t\t<li>\n\t\t\t\t\t\t\t<div class=\"top\">\n\t\t\t\t\t        \t<h3 class=\"title\"> 2020er Dornfelder lieblich<\/h3>\n\t\t\t\t\t\t\t\t<h4 class=\"price badge\"> 6,90 \u20ac<\/h4>\n\t\t\t\t\t\t\t<\/div>\n\t\t\t\t\t        <p class=\"description\">Weingut Bungert-Mauer\r\ndunkel, s\u00fc\u00dfkirsche\r\n(Flaschenpreis 0,75l: 22,00\u20ac)<\/p>\n\t\t\t\t\t    <\/li>\n\t        \t \t\t        \t\t\t<li>\n\t\t\t\t\t\t\t<div class=\"top\">\n\t\t\t\t\t        \t<h3 class=\"title\"> 2023er Blanc de Noir Edition trocken<\/h3>\n\t\t\t\t\t\t\t\t<h4 class=\"price badge\"> 6,50 \u20ac<\/h4>\n\t\t\t\t\t\t\t<\/div>\n\t\t\t\t\t        <p class=\"description\">Wein und Sektgut Nikolaushof\r\ngelbe Frucht, leichte Sch\u00e4rfe\r\n(Flaschenpreis 0,75l: 21,00 \u20ac)<\/p>\n\t\t\t\t\t    <\/li>\n\t        \t \t\t        \t\t\t<li>\n\t\t\t\t\t\t\t<div class=\"top\">\n\t\t\t\t\t        \t<h3 class=\"title\"> 2024er Schwarzriesling Ros\u00e9 feinherb<\/h3>\n\t\t\t\t\t\t\t\t<h4 class=\"price badge\"> 6,50 \u20ac<\/h4>\n\t\t\t\t\t\t\t<\/div>\n\t\t\t\t\t        <p class=\"description\">Weingut Weber\r\nrote Beeren, harmonisch\r\n(Flaschenpreis 0,75l: 21,00 \u20ac)<\/p>\n\t\t\t\t\t    <\/li>\n\t        \t \t\t        \t\t\t<li>\n\t\t\t\t\t\t\t<div class=\"top\">\n\t\t\t\t\t        \t<h3 class=\"title\"> 2023er Riesling trocken<\/h3>\n\t\t\t\t\t\t\t\t<h4 class=\"price badge\"> 6,10 \u20ac<\/h4>\n\t\t\t\t\t\t\t<\/div>\n\t\t\t\t\t        <p class=\"description\">Weingut St. Quirinus-Hof\r\nfrisch, fruchtig, Zitrusaromen\r\n(Flaschenpreis 0,75l: 20,50 \u20ac)<\/p>\n\t\t\t\t\t    <\/li>\n\t        \t \t\t        \t\t\t<li>\n\t\t\t\t\t\t\t<div class=\"top\">\n\t\t\t\t\t        \t<h3 class=\"title\"> 2024er gr\u00fcner Silvaner trocken<\/h3>\n\t\t\t\t\t\t\t\t<h4 class=\"price badge\"> 6,80 \u20ac<\/h4>\n\t\t\t\t\t\t\t<\/div>\n\t\t\t\t\t        <p class=\"description\">Weingut Fl\u00f6eischmann\r\nexotische Fr\u00fcchte\r\n(Flaschenpreis 0,75l: 22,00 \u20ac)<\/p>\n\t\t\t\t\t    <\/li>\n\t        \t \t\t        \t\t\t<li>\n\t\t\t\t\t\t\t<div class=\"top\">\n\t\t\t\t\t        \t<h3 class=\"title\"> 2024er Grauer Burgunder trocken<\/h3>\n\t\t\t\t\t\t\t\t<h4 class=\"price badge\"> 7,90 \u20ac<\/h4>\n\t\t\t\t\t\t\t<\/div>\n\t\t\t\t\t        <p class=\"description\">Weingut Bungert-Mauer \r\nweich, volumin\u00f6s\r\n(Flaschenpreis 0,75l: 25,00 \u20ac)<\/p>\n\t\t\t\t\t    <\/li>\n\t        \t \t\t        \t\t\t<li>\n\t\t\t\t\t\t\t<div class=\"top\">\n\t\t\t\t\t        \t<h3 class=\"title\"> 2024er  &quot;Be Friendly&quot; trocken Wei\u00dfwein-Cuve\u00e9<\/h3>\n\t\t\t\t\t\t\t\t<h4 class=\"price badge\"> 7,90 \u20ac<\/h4>\n\t\t\t\t\t\t\t<\/div>\n\t\t\t\t\t        <p class=\"description\">Weingut Lena und Sebastian\r\nspritzig, Quitte\r\n(Flaschenpreis 0,75l: 25,00 \u20ac)<\/p>\n\t\t\t\t\t    <\/li>\n\t        \t \t\t        \t\t\t<li>\n\t\t\t\t\t\t\t<div class=\"top\">\n\t\t\t\t\t        \t<h3 class=\"title\"> 2024er Chardonnay trocken<\/h3>\n\t\t\t\t\t\t\t\t<h4 class=\"price badge\"> 7,90 \u20ac<\/h4>\n\t\t\t\t\t\t\t<\/div>\n\t\t\t\t\t        <p class=\"description\">Weingut Lena &amp; Sebastian\r\nreife Fr\u00fcchte, mineralisch\r\n(Flaschenpreis 0,75l: 25,00 \u20ac)<\/p>\n\t\t\t\t\t    <\/li>\n\t        \t \t\t        \t\t\t<li>\n\t\t\t\t\t\t\t<div class=\"top\">\n\t\t\t\t\t        \t<h3 class=\"title\"> 2024er Sauvignon Blanc trocken<\/h3>\n\t\t\t\t\t\t\t\t<h4 class=\"price badge\"> 6,50 \u20ac<\/h4>\n\t\t\t\t\t\t\t<\/div>\n\t\t\t\t\t        <p class=\"description\">Weingut Gerharz-Hochthurn\r\ngr\u00fcne Paprika, mineralisch, Zitrusaromen\r\n(Flaschenpreis 0,75l: 21,00 \u20ac)<\/p>\n\t\t\t\t\t    <\/li>\n\t        \t \t\t        \t\t\t<li>\n\t\t\t\t\t\t\t<div class=\"top\">\n\t\t\t\t\t        \t<h3 class=\"title\"> 2024er Riesling feinherb<\/h3>\n\t\t\t\t\t\t\t\t<h4 class=\"price badge\"> 6,50 \u20ac<\/h4>\n\t\t\t\t\t\t\t<\/div>\n\t\t\t\t\t        <p class=\"description\">Weingut Gerharz-Hochthurn\r\nfrische S\u00e4ure, Zitrusaromen\r\n(Flaschenpreis 0,75l: 21,00 \u20ac)\r\n<\/p>\n\t\t\t\t\t    <\/li>\n\t        \t \t\t        \t\t\t<li>\n\t\t\t\t\t\t\t<div class=\"top\">\n\t\t\t\t\t        \t<h3 class=\"title\"> 2024er Scheurebe feinherb<\/h3>\n\t\t\t\t\t\t\t\t<h4 class=\"price badge\"> 6,90<\/h4>\n\t\t\t\t\t\t\t<\/div>\n\t\t\t\t\t        <p class=\"description\">Weingut Schlo\u00dfm\u00fchle\r\nfruchtig, leicht, Alkohol unter 10% (Flaschenpreis 0,75l: 22,00 \u20ac)<\/p>\n\t\t\t\t\t    <\/li>\n\t        \t \t\t        \t\t\t<li>\n\t\t\t\t\t\t\t<div class=\"top\">\n\t\t\t\t\t        \t<h3 class=\"title\"> 2023er Kerner Premium feinfruchtig<\/h3>\n\t\t\t\t\t\t\t\t<h4 class=\"price badge\"> 5,90 \u20ac<\/h4>\n\t\t\t\t\t\t\t<\/div>\n\t\t\t\t\t        <p class=\"description\">Weingut Dengler\r\nBlumig, fruchtige S\u00fc\u00dfe\r\n(Flaschenpreis 0,75l: 20,00 \u20ac)<\/p>\n\t\t\t\t\t    <\/li>\n\t        \t \t\t        \t <\/ul>\n\t        \t      \t\t\t<header>\n\t\t\t\t<h3 class=\"badge\">Sekt &amp; Secco<\/h3>\n\t        <\/header>\n\t        \t        \t<ul class=\"price-list\">\n\t        \t\t\t        \t\t\t<li>\n\t\t\t\t\t\t\t<div class=\"top\">\n\t\t\t\t\t        \t<h3 class=\"title\"> Elder Secco mit Holunderbl\u00fctenextrakt (0,1l)<\/h3>\n\t\t\t\t\t\t\t\t<h4 class=\"price badge\"> 4,10 \u20ac<\/h4>\n\t\t\t\t\t\t\t<\/div>\n\t\t\t\t\t        <p class=\"description\">Restaurant Elder\r\nzarte Note nach Holunderbl\u00fcte\r\n(Flaschenpreis 0,75l: 25,00 \u20ac)<\/p>\n\t\t\t\t\t    <\/li>\n\t        \t \t\t        \t\t\t<li>\n\t\t\t\t\t\t\t<div class=\"top\">\n\t\t\t\t\t        \t<h3 class=\"title\"> Quirinus Perlen Traubensecco alkoholfrei (0,1l)<\/h3>\n\t\t\t\t\t\t\t\t<h4 class=\"price badge\"> 3,70 \u20ac<\/h4>\n\t\t\t\t\t\t\t<\/div>\n\t\t\t\t\t        <p class=\"description\">Weingut St. Quirinus-Hof\r\nfruchtig, spritzig\r\n(Flaschenpreis 0,75l: 23,00 \u20ac)<\/p>\n\t\t\t\t\t    <\/li>\n\t        \t \t\t        \t\t\t<li>\n\t\t\t\t\t\t\t<div class=\"top\">\n\t\t\t\t\t        \t<h3 class=\"title\"> Riesling Sekt trocken (0,1l)<\/h3>\n\t\t\t\t\t\t\t\t<h4 class=\"price badge\"> 4,80 \u20ac<\/h4>\n\t\t\t\t\t\t\t<\/div>\n\t\t\t\t\t        <p class=\"description\">Weingut St. Quirinus-Hof\r\npikant, frische Rieslings\u00e4ure (Flasche 0,75l: 29,00 \u20ac)<\/p>\n\t\t\t\t\t    <\/li>\n\t        \t \t\t        \t\t\t<li>\n\t\t\t\t\t\t\t<div class=\"top\">\n\t\t\t\t\t        \t<h3 class=\"title\"> Chardonnay Sekt extra trocken (0,75l)<\/h3>\n\t\t\t\t\t\t\t\t<h4 class=\"price badge\"> 39,00 \u20ac<\/h4>\n\t\t\t\t\t\t\t<\/div>\n\t\t\t\t\t        <p class=\"description\">Wein und Sektgut Nikolaushof\r\nfruchtig, cr\u00e8mig\r\n<\/p>\n\t\t\t\t\t    <\/li>\n\t        \t \t\t        \t <\/ul>\n\t        \t      \t\t\t<header>\n\t\t\t\t<h3 class=\"badge\">Flaschenweine<\/h3>\n\t        <\/header>\n\t        \t        \t<ul class=\"price-list\">\n\t        \t\t\t        \t\t\t<li>\n\t\t\t\t\t\t\t<div class=\"top\">\n\t\t\t\t\t        \t<h3 class=\"title\"> 2016er Regent trocken (0,75l)<\/h3>\n\t\t\t\t\t\t\t\t<h4 class=\"price badge\"> 49,00 \u20ac<\/h4>\n\t\t\t\t\t\t\t<\/div>\n\t\t\t\t\t        <p class=\"description\">Ockenheimer Laberstall, Weingut Bungert-Mauer - feurig, schwer, kr\u00e4ftige Holznote - goldene Kammerpreism\u00fcnze, Gold DLG, Goldener Regentpreis<\/p>\n\t\t\t\t\t    <\/li>\n\t        \t \t\t        \t\t\t<li>\n\t\t\t\t\t\t\t<div class=\"top\">\n\t\t\t\t\t        \t<h3 class=\"title\"> 2022er Sp\u00e4tburgunder *S* trocken (0,75l)<\/h3>\n\t\t\t\t\t\t\t\t<h4 class=\"price badge\"> 29,00 \u20ac<\/h4>\n\t\t\t\t\t\t\t<\/div>\n\t\t\t\t\t        <p class=\"description\">Weingut Fleischmann - reife Beeren, feine Tannine - Silberne Kammerpreism\u00fcnze<\/p>\n\t\t\t\t\t    <\/li>\n\t        \t \t\t        \t\t\t<li>\n\t\t\t\t\t\t\t<div class=\"top\">\n\t\t\t\t\t        \t<h3 class=\"title\"> 2021er Merlot Qba trocken (0,75l)<\/h3>\n\t\t\t\t\t\t\t\t<h4 class=\"price badge\"> 39,00 \u20ac<\/h4>\n\t\t\t\t\t\t\t<\/div>\n\t\t\t\t\t        <p class=\"description\">Weingut Schweickardt - Pflaume, Kirsche, Brombeere, weiche Tannine, Holznote<\/p>\n\t\t\t\t\t    <\/li>\n\t        \t \t\t        \t\t\t<li>\n\t\t\t\t\t\t\t<div class=\"top\">\n\t\t\t\t\t        \t<h3 class=\"title\"> 2023er Sp\u00e4tburgunder Ros\u00e9 halbtrocken (0,75l)<\/h3>\n\t\t\t\t\t\t\t\t<h4 class=\"price badge\"> 25,00 \u20ac<\/h4>\n\t\t\t\t\t\t\t<\/div>\n\t\t\t\t\t        <p class=\"description\">Weingut Baum - rote Beeren, harmonisch, fruchtig<\/p>\n\t\t\t\t\t    <\/li>\n\t        \t \t\t        \t\t\t<li>\n\t\t\t\t\t\t\t<div class=\"top\">\n\t\t\t\t\t        \t<h3 class=\"title\"> 2019er Orange (0,75l)<\/h3>\n\t\t\t\t\t\t\t\t<h4 class=\"price badge\"> 29,00 \u20ac<\/h4>\n\t\t\t\t\t\t\t<\/div>\n\t\t\t\t\t        <p class=\"description\">Grauer Burgunder trocken - Dromersheimer Honigberg\r\nWeingut Hochthurn - Johannisbeere, leichtes Raucharome<\/p>\n\t\t\t\t\t    <\/li>\n\t        \t \t\t        \t\t\t<li>\n\t\t\t\t\t\t\t<div class=\"top\">\n\t\t\t\t\t        \t<h3 class=\"title\"> 2022er Wei\u00dfer Burgunder Sp\u00e4tlese trocken (0,75l)<\/h3>\n\t\t\t\t\t\t\t\t<h4 class=\"price badge\"> 39,00 \u20ac<\/h4>\n\t\t\t\t\t\t\t<\/div>\n\t\t\t\t\t        <p class=\"description\">Ockenheimer St. Jakobsberg Weingut Bungert-Mauer - goldgelbe Fr\u00fcchte, komplex - Goldene Kammerpreism\u00fcnze, Silber AWC Vienna, Gold DLG<\/p>\n\t\t\t\t\t    <\/li>\n\t        \t \t\t        \t\t\t<li>\n\t\t\t\t\t\t\t<div class=\"top\">\n\t\t\t\t\t        \t<h3 class=\"title\"> 2023er Chardonnay trocken Edition A (0,75l)<\/h3>\n\t\t\t\t\t\t\t\t<h4 class=\"price badge\"> 25,00 \u20ac<\/h4>\n\t\t\t\t\t\t\t<\/div>\n\t\t\t\t\t        <p class=\"description\">Gau-Algesheimer Johannisberg Weingut St. Quirinushof - w\u00fcrzig, vollmundig - Goldene Kammerpreism\u00fcnze, Gold AWC Vienna<\/p>\n\t\t\t\t\t    <\/li>\n\t        \t \t\t        \t\t\t<li>\n\t\t\t\t\t\t\t<div class=\"top\">\n\t\t\t\t\t        \t<h3 class=\"title\"> 2020er Silvaner trocken (0,75l)<\/h3>\n\t\t\t\t\t\t\t\t<h4 class=\"price badge\"> 39,00 \u20ac<\/h4>\n\t\t\t\t\t\t\t<\/div>\n\t\t\t\t\t        <p class=\"description\">Appenheimer Hundertgulden Weingut Schweickardt - volumin\u00f6s<\/p>\n\t\t\t\t\t    <\/li>\n\t        \t \t\t        \t\t\t<li>\n\t\t\t\t\t\t\t<div class=\"top\">\n\t\t\t\t\t        \t<h3 class=\"title\"> 2018er Kerner Beerenauslese (0,5l)<\/h3>\n\t\t\t\t\t\t\t\t<h4 class=\"price badge\"> 29,00 \u20ac<\/h4>\n\t\t\t\t\t\t\t<\/div>\n\t\t\t\t\t        <p class=\"description\">Gau-Algesheimer Rothberg, Sekt &amp; Weingut R\u00fcckersh\u00e4user - \u00fcberreife Beeren, angenehme S\u00e4ure<\/p>\n\t\t\t\t\t    <\/li>\n\t        \t \t\t        \t <\/ul>\n\t        \t         \n\t<\/div>\n","protected":false},"excerpt":{"rendered":"<p>Unsere Weine enthalten Sulfite.<\/p>\n<div class=\"more-holder\"><a class=\"more-link\" href=\"https:\/\/restaurant-elder.de\/wordpress\/weinkarte\/\">Read more<\/a><\/div>\n","protected":false},"author":1,"featured_media":0,"parent":0,"menu_order":0,"comment_status":"closed","ping_status":"closed","template":"","meta":[],"_links":{"self":[{"href":"https:\/\/restaurant-elder.de\/wordpress\/wp-json\/wp\/v2\/pages\/153"}],"collection":[{"href":"https:\/\/restaurant-elder.de\/wordpress\/wp-json\/wp\/v2\/pages"}],"about":[{"href":"https:\/\/restaurant-elder.de\/wordpress\/wp-json\/wp\/v2\/types\/page"}],"author":[{"embeddable":true,"href":"https:\/\/restaurant-elder.de\/wordpress\/wp-json\/wp\/v2\/users\/1"}],"replies":[{"embeddable":true,"href":"https:\/\/restaurant-elder.de\/wordpress\/wp-json\/wp\/v2\/comments?post=153"}],"version-history":[{"count":3,"href":"https:\/\/restaurant-elder.de\/wordpress\/wp-json\/wp\/v2\/pages\/153\/revisions"}],"predecessor-version":[{"id":249,"href":"https:\/\/restaurant-elder.de\/wordpress\/wp-json\/wp\/v2\/pages\/153\/revisions\/249"}],"wp:attachment":[{"href":"https:\/\/restaurant-elder.de\/wordpress\/wp-json\/wp\/v2\/media?parent=153"}],"curies":[{"name":"wp","href":"https:\/\/api.w.org\/{rel}","templated":true}]}}